hen x(t) is divided by 11.
7
Let v(z) = 83*z + 3663. Calculate the remainder when 753 is divided by v(-42).
45
Let v be (-6 + 26/8)*-8. Suppose -18*q + v*q = 24. What is the remainder when 18 is divided by q?
0
Let m(y) = 48*y**2 + 333*y + 128. What is the remainder when m(-8) is divided by 256?
24
Suppose -1363 = -7*w + 177. Suppose -5*q - 120 = -5*b + w, 0 = 4*b + 2*q - 272. What is the remainder when b is divided by ((-42)/(-15))/(1/5)?
12
Suppose 3*z = -1385 + 2900. What is the remainder when z is divided by 51?
46
Suppose -16*q + 1154 - 50 = 0. What is the remainder when q - 2 - 56/7 is divided by 31?
28
Let l = -2052 + 2088. What is the remainder when 446 is divided by l?
14
Calculate the remainder when 786 is divided by 4/(-12)*12/(-4)*113.
108
Let u(o) = 1 + 4 - 5 - 15*o + 12. Calculate the remainder when u(-3) is divided by 4.
1
Let w(o) = -1. Let s(q) = -q**2 + 17*q + 61. Let k(a) = -s(a) - 2*w(a). What is the remainder when k(28) is divided by 14?
11
Suppose 14*p - 23*p + 549 = 0. Suppose p = 4*c - 43. What is the remainder when 200 is divided by c?
18
Let k(j) = j**2 + 31*j + 254. Let f be k(0). Suppose -550*g = -552*g + f. Calculate the remainder when g is divided by 10.
7
Let t be (360/126)/(2/7). Let l be 25/t - (-231)/6. Let c = l + -24. What is the remainder when c is divided by 10?
7
Suppose -179*u + 2520 = -155*u. Calculate the remainder when 836 is divided by u.
101
Let t = 117 + -110. Let s(o) = o**3 - 8*o**2 + 7*o + 17. Let v be s(t). Suppose v - 367 = -10*w. What is the remainder when w is divided by 17?
1
Suppose 4*s = 2*v - 74, v - 31 = s + 12. What is the remainder when 7691 is divided by v?
47
What is the remainder when 3421 is divided by (-279)/261 + 1 - 20208/(-348)?
57
Let m(i) be the third derivative of -i**6/120 - 3*i**5/10 - 7*i**4/6 - 9*i**3 - 2*i**2 + 47*i. What is the remainder when m(-17) is divided by 29?
17
Let g(o) = -o**3 - o**2 + 3*o - 4. Let f be (2*8/24)/((-1)/(-3)). Suppose -5*p - f*r + 36 = 0, 2 = -r - 0*r. Calculate the remainder when p is divided by g(-3).
3
Let s be (-166)/(-10) - (2 - (-28)/(-20)). Let q = s + -16. Suppose q = 3*f - 2*a - 81, -4*a - 112 = 4*f - 8*f. What is the remainder when f is divided by 7?
4
What is the remainder when 344 is divided by 20 + 10 + 10/(-2)?
19
Suppose a - 4*a = 6, -2*l = -4*a + 10. Calculate the remainder when 172 is divided by (l/6)/(6/(-232)).
56
Suppose -5*y + 321 = -354. Let t = y + -133. Calculate the remainder when 4 is divided by t.
0
Let a = 203 - 168. Suppose w + a = l - 0*l, -l - w = -29. What is the remainder when 123 is divided by l?
27
Suppose 0 = -7*r + 569 + 397. Suppose -2*z + 2*g = -54, 2*g - r - 32 = -5*z. Let o(m) = 4*m**2 - 3*m + 3. What is the remainder when z is divided by o(2)?
6
Suppose -9*o + 715 = -509. Calculate the remainder when o is divided by 1650/120 + (-2)/(-8).
10
Let m(s) = s**3 - 3*s**2 + 3*s - 3. Let q be m(2). Let y(c) = -54*c**3. Let a = -2281 + 2311. What is the remainder when y(q) is divided by a?
24
Suppose -5568 = -198*n - 1608. What is the remainder when 919 is divided by n?
19
Suppose 5*z = w - 535, 5*z - 3*w + 525 = -4*w. Let o = z + 138. Calculate the remainder when 124 is divided by o.
28
Suppose 5*j = -7*j + 864. Let s(m) = 5*m - 6. Let l be s(-8). Let a = l + 83. What is the remainder when j is divided by a?
35
Suppose 0*u - 6 = -j + 4*u, 0 = -3*j + 4*u + 26. Let x = -107 + 168. Let m = x + -57. Calculate the remainder when j is divided by m.
2
Suppose 146*q - 229254 = -221078. Calculate the remainder when q is divided by 49 + 0 + -2 + 3.
6
What is the remainder when -4 - -4 - -7 - 143*(-10 - -9) is divided by 129?
21
Suppose -6*k - 15 = -11*k. Suppose -3*t = 3*g + 63, 0 = -4*g + k*t - 9 - 68. What is the remainder when (-5)/(g/152) + -1 is divided by 4?
1
Suppose 19*j + 1681 = 1890. Suppose 52 = -5*k - 248. Let z = k - -91. Calculate the remainder when z is divided by j.
9
What is the remainder when 837 is divided by (-413*2)/2*(-52)/52?
11
Let t = 3403 + 465. Calculate the remainder when t is divided by 129.
127
Let n(a) = 10*a**2 - 5*a - 2. Let g be n(4). Suppose -126 = -3*v + g. What is the remainder when v is divided by 15?
13
Let g = 6174 - 4989. Calculate the remainder when g is divided by 108.
105
Let v be (3/4)/(3/8). Calculate the remainder when 3/51 - 845/(-85) is divided by -1 - (48/v)/(-3).
3
Let d = -529 - -531. Suppose -4*k - d = 14, 179 = 3*z + k. What is the remainder when 181 is divided by z?
59
Let g = 4052 + -3977. Let z = -34 + 61. What is the remainder when g is divided by z?
21
Calculate the remainder when (-1)/(-4 - (-10)/3 - (-1088560)/1632912) is divided by 252.
251
Let k(t) = 36*t - 48 - 49 - 11*t - 50 + 36. What is the remainder when k(15) is divided by 19?
17
Suppose 3*x - 4*x - 3*d + 33 = 0, -5*d = 5*x - 115. What is the remainder when (-770)/33*x/(-10) is divided by 18?
6
Let f(u) = 244*u**2 - 2*u - 1. Suppose 0 = 5117*a - 5126*a + 387. What is the remainder when f(-1) is divided by a?
30
Let r = 1269 - 964. What is the remainder when r is divided by 66?
41
Suppose 28688 = -13*a + 57*a. Calculate the remainder when a is divided by 216.
4
Let n(f) = -f**3 - 19*f**2 - 36*f - 660. What is the remainder when n(-21) is divided by 24?
18
Let w be (1161/6)/1*16/(-24). Let j = 190 + w. Calculate the remainder when 121 is divided by j.
60
Let n(q) = -q**3 - 4*q**2 + 7*q + 21. Let j be n(-4). Let p(r) = -4*r - 14. Calculate the remainder when p(j) is divided by 9.
5
Let z = -24 + 30. Suppose 1600 = -z*m + 10*m. Calculate the remainder when 39 is divided by (-6)/21 + m/28.
11
Suppose 9595*w + 4564 = 9623*w. What is the remainder when 646 is divided by w?
157
Let y(n) = -14*n**2 + 9 + 5 - 4 + 0*n**2. What is the remainder when 16 is divided by y(0)?
6
Suppose n + 5*k - 3 = 0, 2*n - 13*k = -16*k + 34. What is the remainder when 417 is divided by n?
3
Suppose 245 = 10*h - 3*h. Let s be 14/h*(2 + 3). Suppose -3*z + 77 = -5*f, 2*f = s*z - 0*f - 54. Calculate the remainder when 85 is divided by z.
27
Calculate the remainder when -2 - (-54454)/18 - -7*(-12)/378 is divided by 34.
31
Suppose 528 = 4*d + 4*p, 2*p - 868 + 344 = -4*d. Calculate the remainder when d is divided by (41/492)/((-5)/(-360)).
4
Let r(b) = -27*b + 13 + 55*b + 8*b**2 - 26*b + b**3. What is the remainder when 304 is divided by r(-5)?
70
Let q(v) = -v**2 - v + 56. Let c be q(-10). Let u(n) = -n**3 - 34*n**2 - 2*n - 32. What is the remainder when 56 is divided by u(c)?
20
Let i(v) = 15*v**2 - 11*v - 51. What is the remainder when 1752 is divided by i(-3)?
114
Suppose 15*q - 238 = -13. Suppose -19*m = -q*m - 240. What is the remainder when m is divided by (48/(-4))/((-6)/8)?
12
Let x(n) = 2*n**2 - 19*n - 18. Let y(i) = -3*i**2 + 17*i + 17. Let u(g) = -4*x(g) - 5*y(g). What is the remainder when u(-6) is divided by 74?
71
Let l be -1 + -3 + 3 + -40. Calculate the remainder when (-8 + 5)*l/3 is divided by (91/(-42) - -3) + (-61)/(-6).
8
Suppose 5*l = b - 1, 5*b + 12*l - 14*l = 5. Calculate the remainder when b*(592/(-4))/(-4) is divided by 23.
14
What is the remainder when (-4)/(-12)*-1 + (-246)/(-9) is divided by (3/9*-5)/(21/(-126))?
7
Let l(d) be the third derivative of 23/60*d**6 - 1/3*d**3 + 0*d + 0 + 1/20*d**5 - 1/24*d**4 + 32*d**2. Calculate the remainder when 91 is divided by l(1).
45
What is the remainder when 219 is divided by (198/54)/((-3)/(-45))?
54
Suppose 0 = -3*n - u + 22, 0 = 3*n - 7*n + 2*u + 16. Let g(p) = -93*p + 182. Let a be g(2). What is the remainder when 35 is divided by n/(-3) + 10 - a?
11
Let g(l) = -l**3 - 10*l**2 - 4*l - 15. Suppose 4*u - 398 = -5*s, -u - 76*s = -77*s - 95. Calculate the remainder when u is divided by g(-10).
22
Let x = -16 - -28. Let c(u) = -18 + 17*u - 24*u**2 + 15*u**2 + 8*u**2. What is the remainder when c(14) is divided by x?
0
Let a be 52/12 + (-2)/(-3). Suppose -4*b = 2*v - 96, 0 = -a*v - 0*b + b + 218. Let j = v + -12. What is the remainder when j is divided by 12?
8
Let h = -130 + 185. Calculate the remainder when 159 is divided by h.
49
Suppose 0 = -6*i + 28 + 182. Suppose -w + 4*z - 2*z + i = 0, -2 = 2*z. What is the remainder when 327 is divided by w?
30
Suppose -184*x = -241*x + 512829. Calculate the remainder when x is divided by 90.
87
Let t(i) = i**2 - 67*i + 410. Wha